{"id":1786,"date":"2022-04-23T16:46:26","date_gmt":"2022-04-23T14:46:26","guid":{"rendered":"http:\/\/sylvievauclair.com\/?page_id=1786"},"modified":"2022-04-23T16:48:14","modified_gmt":"2022-04-23T14:48:14","slug":"1786-2","status":"publish","type":"page","link":"http:\/\/sylvievauclair.com\/?page_id=1786","title":{"rendered":"Videos"},"content":{"rendered":"<p>[et_pb_section fb_built=\u00a0\u00bb1&Prime; _builder_version=\u00a0\u00bb4.14.4&Prime; _module_preset=\u00a0\u00bbdefault\u00a0\u00bb background_image=\u00a0\u00bbhttp:\/\/sylvievauclair.fr\/wp-content\/uploads\/2021\/12\/Hubble3_1920x687-1.jpg\u00a0\u00bb height=\u00a0\u00bb100px\u00a0\u00bb custom_padding=\u00a0\u00bb0px||||false|false\u00a0\u00bb global_colors_info=\u00a0\u00bb{}\u00a0\u00bb][et_pb_row _builder_version=\u00a0\u00bb4.14.4&Prime; _module_preset=\u00a0\u00bbdefault\u00a0\u00bb global_colors_info=\u00a0\u00bb{}\u00a0\u00bb][et_pb_column type=\u00a0\u00bb4_4&Prime; _builder_version=\u00a0\u00bb4.14.4&Prime; _module_preset=\u00a0\u00bbdefault\u00a0\u00bb global_colors_info=\u00a0\u00bb{}\u00a0\u00bb][et_pb_text _builder_version=\u00a0\u00bb4.14.4&Prime; _module_preset=\u00a0\u00bbdefault\u00a0\u00bb header_font=\u00a0\u00bb|600|||||||\u00a0\u00bb header_text_color=\u00a0\u00bb#FFFFFF\u00a0\u00bb global_colors_info=\u00a0\u00bb{}\u00a0\u00bb]<\/p>\n<h1>M\u00e9dias &#8211; Vid\u00e9os<\/h1>\n<p>[\/et_pb_text][\/et_pb_column][\/et_pb_row][\/et_pb_section][et_pb_section fb_built=\u00a0\u00bb1&Prime; admin_label=\u00a0\u00bbMy Books Section\u00a0\u00bb _builder_version=\u00a0\u00bb3.22&Prime; custom_padding=\u00a0\u00bb100px||100px|\u00a0\u00bb global_colors_info=\u00a0\u00bb{}\u00a0\u00bb][et_pb_row column_structure=\u00a0\u00bb1_2,1_2&Prime; _builder_version=\u00a0\u00bb4.14.4&Prime; _module_preset=\u00a0\u00bbdefault\u00a0\u00bb global_colors_info=\u00a0\u00bb{}\u00a0\u00bb][et_pb_column type=\u00a0\u00bb1_2&Prime; _builder_version=\u00a0\u00bb4.9.4&Prime; _module_preset=\u00a0\u00bbdefault\u00a0\u00bb global_colors_info=\u00a0\u00bb{}\u00a0\u00bb][et_pb_video src=\u00a0\u00bbhttps:\/\/www.youtube.com\/watch?v=9d5l31AU3mg\u00a0\u00bb _builder_version=\u00a0\u00bb4.14.4&Prime; _module_preset=\u00a0\u00bbdefault\u00a0\u00bb global_colors_info=\u00a0\u00bb{}\u00a0\u00bb][\/et_pb_video][et_pb_text _builder_version=\u00a0\u00bb4.14.4&Prime; _module_preset=\u00a0\u00bbdefault\u00a0\u00bb custom_margin=\u00a0\u00bb-19px|||||\u00a0\u00bb custom_padding=\u00a0\u00bb18px|||||\u00a0\u00bb global_colors_info=\u00a0\u00bb{}\u00a0\u00bb]<\/p>\n<p style=\"text-align: center;\"><strong><span style=\"font-size: 12pt; line-height: 107%; font-family: 'Verdana', sans-serif;\">Le destin des syst\u00e8mes plan\u00e9taires: quelle place pour l&rsquo;humanit\u00e9?<\/span><\/strong><strong><span style=\"font-size: 12pt; line-height: 107%; font-family: 'Verdana', sans-serif;\"><\/span><\/strong><\/p>\n<p style=\"text-align: center;\"><span style=\"font-size: 12pt; line-height: 107%; font-family: 'Verdana', sans-serif;\">Conf\u00e9rence \u00e0 l&rsquo;Universit\u00e9 Permanente de Nantes<br \/>19 novembre 2021<br \/>#espacetemps #univers #humanit\u00e9 <\/span><\/p>\n<p>[\/et_pb_text][\/et_pb_column][et_pb_column type=\u00a0\u00bb1_2&Prime; _builder_version=\u00a0\u00bb4.9.4&Prime; _module_preset=\u00a0\u00bbdefault\u00a0\u00bb global_colors_info=\u00a0\u00bb{}\u00a0\u00bb][et_pb_video src=\u00a0\u00bbhttps:\/\/vimeo.com\/646197780&Prime; _builder_version=\u00a0\u00bb4.14.4&Prime; _module_preset=\u00a0\u00bbdefault\u00a0\u00bb global_colors_info=\u00a0\u00bb{}\u00a0\u00bb][\/et_pb_video][et_pb_text _builder_version=\u00a0\u00bb4.14.4&Prime; _module_preset=\u00a0\u00bbdefault\u00a0\u00bb custom_margin=\u00a0\u00bb||-9px|||\u00a0\u00bb custom_padding=\u00a0\u00bb0px|||||\u00a0\u00bb global_colors_info=\u00a0\u00bb{}\u00a0\u00bb]<\/p>\n<p style=\"text-align: center;\"><strong><span style=\"font-size: 12pt; line-height: 107%; font-family: 'Verdana', sans-serif;\">Big Bang, l&rsquo;appel des origines<\/span><\/strong><\/p>\n<p style=\"text-align: center;\"><span style=\"font-size: 12pt; line-height: 107%; font-family: 'Verdana', sans-serif;\">Bande annonce du documentaire de Dominique Regueme<br \/><\/span><\/p>\n<p>[\/et_pb_text][\/et_pb_column][\/et_pb_row][et_pb_row column_structure=\u00a0\u00bb1_2,1_2&Prime; _builder_version=\u00a0\u00bb4.14.4&Prime; _module_preset=\u00a0\u00bbdefault\u00a0\u00bb global_colors_info=\u00a0\u00bb{}\u00a0\u00bb][et_pb_column type=\u00a0\u00bb1_2&Prime; _builder_version=\u00a0\u00bb4.9.4&Prime; _module_preset=\u00a0\u00bbdefault\u00a0\u00bb global_colors_info=\u00a0\u00bb{}\u00a0\u00bb][et_pb_video src=\u00a0\u00bbhttps:\/\/www.youtube.com\/watch?v=cR9mogW0-As\u00a0\u00bb _builder_version=\u00a0\u00bb4.14.4&Prime; _module_preset=\u00a0\u00bbdefault\u00a0\u00bb global_colors_info=\u00a0\u00bb{}\u00a0\u00bb][\/et_pb_video][et_pb_text _builder_version=\u00a0\u00bb4.14.4&Prime; _module_preset=\u00a0\u00bbdefault\u00a0\u00bb global_colors_info=\u00a0\u00bb{}\u00a0\u00bb]<\/p>\n<p style=\"text-align: center;\"><strong><span style=\"font-size: 12pt; line-height: 107%; font-family: 'Verdana', sans-serif;\">L&rsquo;Homme face \u00e0 l\u2019univers &#8211; Une virgule dans l&rsquo;espace-temps<\/span><\/strong><\/p>\n<p style=\"text-align: center;\"><span style=\"font-size: 12pt; line-height: 107%; font-family: 'Verdana', sans-serif;\">Club de la Com &#8211; 3\u00e8me forum de l&rsquo;innovation<br \/>5 juillet 2018<br \/>#espacetemps #univers #humanit\u00e9 <\/span><\/p>\n<p>[\/et_pb_text][\/et_pb_column][et_pb_column type=\u00a0\u00bb1_2&Prime; _builder_version=\u00a0\u00bb4.9.4&Prime; _module_preset=\u00a0\u00bbdefault\u00a0\u00bb global_colors_info=\u00a0\u00bb{}\u00a0\u00bb][et_pb_video src=\u00a0\u00bbhttps:\/\/www.youtube.com\/watch?v=8zCyAsUd6rg\u00a0\u00bb _builder_version=\u00a0\u00bb4.14.4&Prime; _module_preset=\u00a0\u00bbdefault\u00a0\u00bb global_colors_info=\u00a0\u00bb{}\u00a0\u00bb][\/et_pb_video][et_pb_text _builder_version=\u00a0\u00bb4.14.4&Prime; _module_preset=\u00a0\u00bbdefault\u00a0\u00bb custom_margin=\u00a0\u00bb||-9px|||\u00a0\u00bb custom_padding=\u00a0\u00bb0px|||||\u00a0\u00bb global_colors_info=\u00a0\u00bb{}\u00a0\u00bb]<\/p>\n<p style=\"text-align: center;\"><strong><span style=\"font-size: 12pt; line-height: 107%; font-family: 'Verdana', sans-serif;\">L&rsquo;Homme face \u00e0 l\u2019univers<\/span><\/strong><\/p>\n<p style=\"text-align: center;\"><span style=\"font-size: 12pt; line-height: 107%; font-family: 'Verdana', sans-serif;\">Auditorium de l&rsquo;Universit\u00e9 Paul Sabatier Toulouse III<br \/><\/span><\/p>\n<p>[\/et_pb_text][\/et_pb_column][\/et_pb_row][et_pb_row column_structure=\u00a0\u00bb1_2,1_2&Prime; _builder_version=\u00a0\u00bb4.9.4&Prime; _module_preset=\u00a0\u00bbdefault\u00a0\u00bb global_colors_info=\u00a0\u00bb{}\u00a0\u00bb][et_pb_column type=\u00a0\u00bb1_2&Prime; _builder_version=\u00a0\u00bb4.9.4&Prime; _module_preset=\u00a0\u00bbdefault\u00a0\u00bb global_colors_info=\u00a0\u00bb{}\u00a0\u00bb][et_pb_image src=\u00a0\u00bbhttp:\/\/sylvievauclair.fr\/wp-content\/uploads\/2021\/12\/AutourSoleil.webp\u00a0\u00bb title_text=\u00a0\u00bbAutourSoleil\u00a0\u00bb url=\u00a0\u00bbhttps:\/\/www.franceinter.fr\/emissions\/le-temps-d-un-bivouac\/le-temps-d-un-bivouac-04-aout-2017&Prime; _builder_version=\u00a0\u00bb4.14.4&Prime; _module_preset=\u00a0\u00bbdefault\u00a0\u00bb global_colors_info=\u00a0\u00bb{}\u00a0\u00bb][\/et_pb_image][et_pb_text _builder_version=\u00a0\u00bb4.14.4&Prime; _module_preset=\u00a0\u00bbdefault\u00a0\u00bb custom_padding=\u00a0\u00bb13px|||||\u00a0\u00bb global_colors_info=\u00a0\u00bb{}\u00a0\u00bb]<\/p>\n<p style=\"text-align: center;\"><strong><span style=\"font-size: 12pt; line-height: 107%; font-family: 'Verdana', sans-serif;\">En orbite autour du Soleil<br \/><\/span><\/strong><\/p>\n<p style=\"text-align: center;\"><span style=\"font-size: 12pt; line-height: 107%; font-family: 'Verdana', sans-serif;\">Emission France Inter 4 ao\u00fbt 2017<br \/><\/span><\/p>\n<p>[\/et_pb_text][\/et_pb_column][et_pb_column type=\u00a0\u00bb1_2&Prime; _builder_version=\u00a0\u00bb4.9.4&Prime; _module_preset=\u00a0\u00bbdefault\u00a0\u00bb global_colors_info=\u00a0\u00bb{}\u00a0\u00bb][et_pb_image src=\u00a0\u00bbhttp:\/\/sylvievauclair.fr\/wp-content\/uploads\/2021\/12\/film_musique_des_etoiles.jpg\u00a0\u00bb title_text=\u00a0\u00bbfilm_musique_des_etoiles\u00a0\u00bb _builder_version=\u00a0\u00bb4.14.4&Prime; _module_preset=\u00a0\u00bbdefault\u00a0\u00bb custom_margin=\u00a0\u00bb||85px|||\u00a0\u00bb global_colors_info=\u00a0\u00bb{}\u00a0\u00bb][\/et_pb_image][et_pb_text _builder_version=\u00a0\u00bb4.14.4&Prime; _module_preset=\u00a0\u00bbdefault\u00a0\u00bb custom_padding=\u00a0\u00bb13px|||||\u00a0\u00bb global_colors_info=\u00a0\u00bb{}\u00a0\u00bb]<\/p>\n<p style=\"text-align: center;\"><strong><span style=\"font-size: 12pt; line-height: 107%; font-family: 'Verdana', sans-serif;\">La musique des \u00e9toiles<br \/><\/span><\/strong><\/p>\n<p style=\"text-align: center;\"><span style=\"font-size: 12pt; line-height: 107%; font-family: 'Verdana', sans-serif;\">Documentaire de Christian Passuello\u00a0\u00bb, films du sud, 2017<\/span><\/p>\n<p>[\/et_pb_text][\/et_pb_column][\/et_pb_row][et_pb_row column_structure=\u00a0\u00bb1_2,1_2&Prime; _builder_version=\u00a0\u00bb4.9.4&Prime; _module_preset=\u00a0\u00bbdefault\u00a0\u00bb global_colors_info=\u00a0\u00bb{}\u00a0\u00bb][et_pb_column type=\u00a0\u00bb1_2&Prime; _builder_version=\u00a0\u00bb4.9.4&Prime; _module_preset=\u00a0\u00bbdefault\u00a0\u00bb global_colors_info=\u00a0\u00bb{}\u00a0\u00bb][et_pb_image src=\u00a0\u00bbhttp:\/\/sylvievauclair.fr\/wp-content\/uploads\/2021\/12\/ChroniquesRadioPresence.jpg\u00a0\u00bb title_text=\u00a0\u00bbChroniquesRadioPresence\u00a0\u00bb url=\u00a0\u00bbhttps:\/\/www.radiopresence.com\/emissions\/culture\/decouverte\/chronique-astrophysique\/\u00a0\u00bb _builder_version=\u00a0\u00bb4.14.4&Prime; _module_preset=\u00a0\u00bbdefault\u00a0\u00bb global_colors_info=\u00a0\u00bb{}\u00a0\u00bb][\/et_pb_image][et_pb_text _builder_version=\u00a0\u00bb4.14.4&Prime; _module_preset=\u00a0\u00bbdefault\u00a0\u00bb custom_padding=\u00a0\u00bb13px|||||\u00a0\u00bb global_colors_info=\u00a0\u00bb{}\u00a0\u00bb]<\/p>\n<p style=\"text-align: center;\"><strong><span style=\"font-size: 12pt; line-height: 107%; font-family: 'Verdana', sans-serif;\">Chroniques Astrophysique de Sylvie Vauclair<br \/><\/span><\/strong><\/p>\n<p style=\"text-align: center;\"><span style=\"font-size: 12pt; line-height: 107%; font-family: 'Verdana', sans-serif;\">Chaque semaine sur Radio Pr\u00e9sence<\/span><\/p>\n<p>[\/et_pb_text][\/et_pb_column][et_pb_column type=\u00a0\u00bb1_2&Prime; _builder_version=\u00a0\u00bb4.14.4&Prime; _module_preset=\u00a0\u00bbdefault\u00a0\u00bb global_colors_info=\u00a0\u00bb{}\u00a0\u00bb][et_pb_video src=\u00a0\u00bbhttps:\/\/www.youtube.com\/watch?v=JOuSkh4HP6w\u00a0\u00bb _builder_version=\u00a0\u00bb4.14.4&Prime; _module_preset=\u00a0\u00bbdefault\u00a0\u00bb global_colors_info=\u00a0\u00bb{}\u00a0\u00bb][\/et_pb_video][et_pb_text _builder_version=\u00a0\u00bb4.14.4&Prime; _module_preset=\u00a0\u00bbdefault\u00a0\u00bb custom_padding=\u00a0\u00bb13px||0px|||\u00a0\u00bb global_colors_info=\u00a0\u00bb{}\u00a0\u00bb]<\/p>\n<p style=\"text-align: center;\"><strong><span style=\"font-size: 12pt; line-height: 107%; font-family: 'Verdana', sans-serif;\">La notion de temps en astrophysique<br \/><\/span><\/strong><\/p>\n<p style=\"text-align: center;\"><span style=\"font-size: 12pt; line-height: 107%; font-family: 'Verdana', sans-serif;\">ITW de Sylvie Vauclair \u00e0 l&rsquo;occasion de l&rsquo;ESOF 2016, en Fran\u00e7ais, par le journaliste italien Stefano Parisini<\/span><\/p>\n<p>[\/et_pb_text][\/et_pb_column][\/et_pb_row][et_pb_row column_structure=\u00a0\u00bb1_2,1_2&Prime; _builder_version=\u00a0\u00bb4.9.4&Prime; _module_preset=\u00a0\u00bbdefault\u00a0\u00bb global_colors_info=\u00a0\u00bb{}\u00a0\u00bb][et_pb_column type=\u00a0\u00bb1_2&Prime; _builder_version=\u00a0\u00bb4.9.4&Prime; _module_preset=\u00a0\u00bbdefault\u00a0\u00bb global_colors_info=\u00a0\u00bb{}\u00a0\u00bb][et_pb_image src=\u00a0\u00bbhttp:\/\/sylvievauclair.fr\/wp-content\/uploads\/2021\/12\/JourneesGiordano.png\u00a0\u00bb title_text=\u00a0\u00bbJourneesGiordano\u00a0\u00bb url=\u00a0\u00bbhttps:\/\/www.canal-u.tv\/video\/universite_toulouse_ii_le_mirail\/giordano_bruno_le_banquet_des_cendres_cosmologie_lecture_elsa_mazeau.16762&Prime; _builder_version=\u00a0\u00bb4.14.4&Prime; _module_preset=\u00a0\u00bbdefault\u00a0\u00bb global_colors_info=\u00a0\u00bb{}\u00a0\u00bb][\/et_pb_image][et_pb_text _builder_version=\u00a0\u00bb4.14.4&Prime; _module_preset=\u00a0\u00bbdefault\u00a0\u00bb custom_padding=\u00a0\u00bb13px|||||\u00a0\u00bb global_colors_info=\u00a0\u00bb{}\u00a0\u00bb]<\/p>\n<p style=\"text-align: center;\"><strong><span style=\"font-size: 12pt; line-height: 107%; font-family: 'Verdana', sans-serif;\">Colloque Giordano Bruno &#8211; Toulouse octobre 2014<\/span><\/strong><\/p>\n<p style=\"text-align: center;\"><span style=\"font-size: 12pt; line-height: 107%; font-family: 'Verdana', sans-serif;\"><a href=\"http:\/\/www.canal-u.tv\/video\/universite_toulouse_ii_le_mirail\/giordano_bruno_de_la_pluralite_des_mondes_a_l_exobiologie_sylvie_vauclair.16767\">Giordano Bruno, de la Pluralit\u00e9 des mondes \u00e0 l&rsquo;exobiologie<\/a> <br \/><\/span><\/p>\n<p>[\/et_pb_text][\/et_pb_column][et_pb_column type=\u00a0\u00bb1_2&Prime; _builder_version=\u00a0\u00bb4.14.4&Prime; _module_preset=\u00a0\u00bbdefault\u00a0\u00bb global_colors_info=\u00a0\u00bb{}\u00a0\u00bb][et_pb_video src=\u00a0\u00bbhttps:\/\/www.youtube.com\/watch?v=iAlf5sVpJDg\u00a0\u00bb _builder_version=\u00a0\u00bb4.14.4&Prime; _module_preset=\u00a0\u00bbdefault\u00a0\u00bb global_colors_info=\u00a0\u00bb{}\u00a0\u00bb][\/et_pb_video][et_pb_text _builder_version=\u00a0\u00bb4.14.4&Prime; _module_preset=\u00a0\u00bbdefault\u00a0\u00bb custom_padding=\u00a0\u00bb13px||0px|||\u00a0\u00bb global_colors_info=\u00a0\u00bb{}\u00a0\u00bb]<\/p>\n<p style=\"text-align: center;\"><strong><span style=\"font-size: 12pt; line-height: 107%; font-family: 'Verdana', sans-serif;\">La musique des \u00e9toiles<br \/><\/span><\/strong><\/p>\n<p style=\"text-align: center;\"><span style=\"font-size: 12pt; line-height: 107%; font-family: 'Verdana', sans-serif;\">Conf\u00e9rence-concert \u00e0 Fleurance le 7 ao\u00fbt 2014<\/span><\/p>\n<p>[\/et_pb_text][\/et_pb_column][\/et_pb_row][et_pb_row column_structure=\u00a0\u00bb1_2,1_2&Prime; _builder_version=\u00a0\u00bb4.9.4&Prime; _module_preset=\u00a0\u00bbdefault\u00a0\u00bb global_colors_info=\u00a0\u00bb{}\u00a0\u00bb][et_pb_column type=\u00a0\u00bb1_2&Prime; _builder_version=\u00a0\u00bb4.9.4&Prime; _module_preset=\u00a0\u00bbdefault\u00a0\u00bb global_colors_info=\u00a0\u00bb{}\u00a0\u00bb][et_pb_image src=\u00a0\u00bbhttp:\/\/sylvievauclair.fr\/wp-content\/uploads\/2021\/12\/objectif_ciel_radio_lausanne.jpg\u00a0\u00bb title_text=\u00a0\u00bbobjectif_ciel_radio_lausanne\u00a0\u00bb _builder_version=\u00a0\u00bb4.14.4&Prime; _module_preset=\u00a0\u00bbdefault\u00a0\u00bb global_colors_info=\u00a0\u00bb{}\u00a0\u00bb][\/et_pb_image][et_pb_text _builder_version=\u00a0\u00bb4.14.4&Prime; _module_preset=\u00a0\u00bbdefault\u00a0\u00bb custom_padding=\u00a0\u00bb13px|||||\u00a0\u00bb global_colors_info=\u00a0\u00bb{}\u00a0\u00bb]<\/p>\n<p>Ecoutez la belle \u00e9mission \u00ab\u00a0Ciels d\u2019\u00e9t\u00e9\u00a0\u00bb de la Radio T\u00e9l\u00e9vision Suisse consacr\u00e9e \u00e0 Sylvie Vauclair et \u00e0 son livre \u00ab\u00a0la Terre, l&rsquo;espace et au-del\u00e0\u00a0\u00bb, le 16 juillet 2009,<br \/>avec des interviews d&rsquo;Hubert Reeves et de Christophe Bonnal (CNES) sur la pollution spatiale, ainsi que des documents passionnants sur la conqu\u00eate de l&rsquo;espace.<\/p>\n<p>[\/et_pb_text][\/et_pb_column][et_pb_column type=\u00a0\u00bb1_2&Prime; _builder_version=\u00a0\u00bb4.14.4&Prime; _module_preset=\u00a0\u00bbdefault\u00a0\u00bb global_colors_info=\u00a0\u00bb{}\u00a0\u00bb][et_pb_video src=\u00a0\u00bbhttps:\/\/dai.ly\/x2fq5tx\u00a0\u00bb _builder_version=\u00a0\u00bb4.14.4&Prime; _module_preset=\u00a0\u00bbdefault\u00a0\u00bb global_colors_info=\u00a0\u00bb{}\u00a0\u00bb][\/et_pb_video][et_pb_text _builder_version=\u00a0\u00bb4.14.4&Prime; _module_preset=\u00a0\u00bbdefault\u00a0\u00bb custom_padding=\u00a0\u00bb13px||1px|||\u00a0\u00bb global_colors_info=\u00a0\u00bb{}\u00a0\u00bb]<\/p>\n<p style=\"text-align: center;\"><strong><span style=\"font-size: 12pt; line-height: 107%; font-family: 'Verdana', sans-serif;\">La Terre, l&rsquo;Espace, et&#8230; au-del\u00e0<\/span><\/strong><\/p>\n<p style=\"text-align: center;\"><span style=\"font-size: 12pt; line-height: 107%; font-family: 'Verdana', sans-serif;\">Conf\u00e9rence \u00e0 l&rsquo;Agora des Savoirs de Montpellier, centre Rabelais, le mercredi 16 d\u00e9cembre 2009<br \/><\/span><\/p>\n<p>[\/et_pb_text][\/et_pb_column][\/et_pb_row][et_pb_row column_structure=\u00a0\u00bb1_2,1_2&Prime; _builder_version=\u00a0\u00bb4.9.4&Prime; _module_preset=\u00a0\u00bbdefault\u00a0\u00bb global_colors_info=\u00a0\u00bb{}\u00a0\u00bb][et_pb_column type=\u00a0\u00bb1_2&Prime; _builder_version=\u00a0\u00bb4.9.4&Prime; _module_preset=\u00a0\u00bbdefault\u00a0\u00bb global_colors_info=\u00a0\u00bb{}\u00a0\u00bb][et_pb_image src=\u00a0\u00bbhttp:\/\/sylvievauclair.fr\/wp-content\/uploads\/2021\/12\/etoile_des_enfants.jpg\u00a0\u00bb title_text=\u00a0\u00bbetoile_des_enfants\u00a0\u00bb _builder_version=\u00a0\u00bb4.14.4&Prime; _module_preset=\u00a0\u00bbdefault\u00a0\u00bb global_colors_info=\u00a0\u00bb{}\u00a0\u00bb][\/et_pb_image][et_pb_text _builder_version=\u00a0\u00bb4.14.4&Prime; _module_preset=\u00a0\u00bbdefault\u00a0\u00bb custom_padding=\u00a0\u00bb13px|||||\u00a0\u00bb global_colors_info=\u00a0\u00bb{}\u00a0\u00bb]<\/p>\n<p>D\u00e9couvrez le site <a href=\"http:\/\/www.etoile-des-enfants.ch\/\">\u00e9toile des enfants<\/a>, g\u00e9r\u00e9 par Maco Brodard, depuis la belle r\u00e9gion de Gruy\u00e8re, en Suisse. Vous y trouverez toutes les r\u00e9ponses aux questions pos\u00e9es par des enfants de toute la francophonie depuis de nombreuses ann\u00e9es et vous pourrez en poser de nouvelles. <\/p>\n<p>[\/et_pb_text][\/et_pb_column][et_pb_column type=\u00a0\u00bb1_2&Prime; _builder_version=\u00a0\u00bb4.14.4&Prime; _module_preset=\u00a0\u00bbdefault\u00a0\u00bb global_colors_info=\u00a0\u00bb{}\u00a0\u00bb][\/et_pb_column][\/et_pb_row][\/et_pb_section]<\/p>\n","protected":false},"excerpt":{"rendered":"<p>M\u00e9dias &#8211; Vid\u00e9osLe destin des syst\u00e8mes plan\u00e9taires: quelle place pour l&rsquo;humanit\u00e9? Conf\u00e9rence \u00e0 l&rsquo;Universit\u00e9 Permanente de Nantes19 novembre 2021#espacetemps #univers #humanit\u00e9 Big Bang, l&rsquo;appel des origines Bande annonce du documentaire [&hellip;]<\/p>\n","protected":false},"author":1,"featured_media":0,"parent":0,"menu_order":0,"comment_status":"closed","ping_status":"closed","template":"","meta":{"_et_pb_use_builder":"on","_et_pb_old_content":"","_et_gb_content_width":""},"_links":{"self":[{"href":"http:\/\/sylvievauclair.com\/index.php?rest_route=\/wp\/v2\/pages\/1786"}],"collection":[{"href":"http:\/\/sylvievauclair.com\/index.php?rest_route=\/wp\/v2\/pages"}],"about":[{"href":"http:\/\/sylvievauclair.com\/index.php?rest_route=\/wp\/v2\/types\/page"}],"author":[{"embeddable":true,"href":"http:\/\/sylvievauclair.com\/index.php?rest_route=\/wp\/v2\/users\/1"}],"replies":[{"embeddable":true,"href":"http:\/\/sylvievauclair.com\/index.php?rest_route=%2Fwp%2Fv2%2Fcomments&post=1786"}],"version-history":[{"count":4,"href":"http:\/\/sylvievauclair.com\/index.php?rest_route=\/wp\/v2\/pages\/1786\/revisions"}],"predecessor-version":[{"id":1799,"href":"http:\/\/sylvievauclair.com\/index.php?rest_route=\/wp\/v2\/pages\/1786\/revisions\/1799"}],"wp:attachment":[{"href":"http:\/\/sylvievauclair.com\/index.php?rest_route=%2Fwp%2Fv2%2Fmedia&parent=1786"}],"curies":[{"name":"wp","href":"https:\/\/api.w.org\/{rel}","templated":true}]}}